of 70 and t?
14
Suppose 0 = -14*d + 18*d - 672. What is the greatest common factor of 21 and d?
21
Let n(w) = 2*w**2 - 10*w - 1. Let m be n(6). What is the highest common factor of 473 and m?
11
Let w be (-15)/(-10) + 2/4. Let i be (w + 26)*4/8. Suppose 9*d + 155 = i*d. What is the greatest common factor of d and 62?
31
Let u(v) = 4*v**3 - v**2 + 4*v - 2. Let p be u(2). Let n be 3/(-12) - (-681)/4. What is the highest common factor of n and p?
34
Let q be 0 + (-865)/(-3) + (-6)/18. What is the greatest common divisor of 27 and q?
9
Let w be (-42)/18*-201*1. Let z = 276 + -209. Calculate the greatest common factor of z and w.
67
Suppose 3 = -2*g - d + 132, 4*g - 240 = 4*d. What is the greatest common factor of 7 and g?
7
Let w = 14 - -14. Let f(t) = -t**3 + 11*t**2 - 3*t + 6. Let h be f(9). Let s = h + -71. What is the greatest common divisor of s and w?
14
Let v be (-12 + 12)*(-2)/(-4). Suppose -5*y = -3*x - 62, -5*x - 2*y + v*y - 62 = 0. Let m = 26 + x. What is the greatest common divisor of m and 24?
12
Suppose -3*p = 2*s - 336, -6*p + 670 = 4*s - p. Let r(v) = 5*v - 4. Let f be r(9). Let o = f + -26. Calculate the highest common divisor of o and s.
15
Let o(n) = -6*n - 28. Let b be o(-12). Let r be 4/(-18) - 76/(-18). Calculate the highest common divisor of b and r.
4
Let b be 2 - (-3 + (-15)/1). Let f(a) = a**2 - 6*a - 6. Let j be f(8). Let z = b - j. What is the greatest common divisor of 25 and z?
5
Suppose -5*a = 2*z - 1038 + 51, -z = 5*a - 481. Suppose -4*n = -z - 134. What is the highest common factor of n and 20?
20
Let s = 769 - 760. What is the highest common divisor of 42 and s?
3
Let m be 6*66/(-18)*-14. Calculate the highest common divisor of 88 and m.
44
Let q = -299 + 300. Let i(g) = 0*g + 4*g**3 - g + 3*g**3. Let j be i(q). What is the greatest common divisor of j and 9?
3
Suppose 0 = -5*n + 158 - 38. Let a be ((-8)/3)/((-4)/12). Suppose -6*z = -a*z + 32. What is the highest common divisor of n and z?
8
Let b(k) = 2*k**3 - 6*k**2 + 8*k + 16. Let v be b(-5). Let h = -248 - v. Calculate the highest common factor of h and 16.
16
Let b(i) = -i**2 + 30*i + 12. Let c be b(30). Let w(x) = 2*x**2 - x - 3. Let y be w(-3). What is the highest common divisor of y and c?
6
Suppose 5*h + 91 = 2*k - 7, 2*k - 78 = -5*h. What is the highest common factor of 330 and k?
22
Let z(u) = u**2 + 10*u - 24. Let i be z(-18). What is the greatest common divisor of 200 and i?
40
Suppose -3*w = -p + 79, -2*p = -0*p - 2*w - 142. Suppose p = 3*d + 19. What is the greatest common factor of d and 144?
16
Suppose 2*h - 90 = -3*h. Suppose 0 = 12*a - 7*a + 20. Let x be a + ((-24)/(-4))/1. What is the highest common factor of x and h?
2
Suppose 2*v - 3*y - 133 = -6*y, -5*v + 3*y = -322. Calculate the greatest common divisor of v and 2015.
65
Let s = -228 - -231. Calculate the greatest common divisor of 33 and s.
3
Let k be 0*(0 + (-4)/(-8) + 0). Suppose k = -9*g + 75 + 33. What is the greatest common divisor of g and 6?
6
Suppose 5*b + 4*r = -40, 2*r - 10 - 22 = 4*b. Let i be (3 + -4)*b - -1. Suppose 3*o - 3 = i. Calculate the highest common divisor of 44 and o.
4
Let w(r) = 9*r + 29. Let k be w(-3). What is the greatest common factor of 25 and k?
1
Suppose 27*u + 306 = 30*u. Calculate the highest common factor of 6 and u.
6
Let v = 46 - 33. Let q(c) = -10*c + 64. Let j be q(-4). Calculate the greatest common divisor of v and j.
13
Let r = -24 + 27. Suppose -10*i + r*i + 28 = 0. Let s be 29 - ((i - 2) + 2). Calculate the greatest common divisor of s and 150.
25
Suppose -550 = -3*o + 2*a, 0 = o - 3*o + 4*a + 380. Let x be 0 + o + -7 + 5. Suppose -x = -3*c + 92. What is the highest common divisor of 10 and c?
10
Let l(k) = -k**2 + 28*k + 15. Let q be l(16). Calculate the greatest common divisor of q and 9.
9
Suppose 222*d - 4712 = -48*d + 2578. Let y(i) = 3 - 2 + 8*i + 0. Let b be y(1). Calculate the highest common divisor of d and b.
9
Let g = 359 - 321. Calculate the highest common factor of 95 and g.
19
Suppose -138 = -9*h + 15. Calculate the greatest common factor of 1 and h.
1
Let w = -40 - -42. Suppose 5*y - 3*o - 351 = -84, 3*o = w*y - 105. Calculate the greatest common divisor of 81 and y.
27
Let s = 221 + 1. Let r be s/4 - -1*(-1)/(-2). Calculate the greatest common divisor of 7 and r.
7
Suppose 2*i - 3 = -45. Let p = 32 + i. Let k(z) = -14*z - 1. Let f be k(-4). What is the highest common divisor of f and p?
11
Let r be (-34)/4 + 5/2. Let h be 5 + (-5 - -3 - r). What is the highest common factor of h and 36?
9
Let b be ((-16)/20)/((-265)/(-275) - 1). Calculate the highest common divisor of b and 44.
22
Suppose 46*h - 38*h - 120 = 0. Suppose 6 = 3*n - 24. What is the highest common divisor of n and h?
5
Let o = -26 + 47. Suppose x - 144 = -4*s - 19, 100 = x - s. Calculate the greatest common factor of x and o.
21
Let s(t) = t**2 + 9*t - 21. Let i be s(-9). Let u = 27 + i. Calculate the highest common divisor of 3 and u.
3
Let a(s) = s**3 - 18*s**2 + 52*s - 98. Let f be a(15). Let r(u) = u**2 + 7*u + 1. Let w be r(-7). Calculate the greatest common factor of f and w.
1
Let h(l) = l**3 + 6*l**2 - 10*l. Let o be h(-7). Let v(m) = 2*m**2 - 28*m + 126. Let d be v(7). Calculate the greatest common factor of o and d.
7
Suppose 36 = 9*g - 3*g. Suppose 2*z - 2*w + 3 = 5, z = 2*w. Suppose 5*r + z*y - 98 = 0, 4*r = 2*r + 4*y + 20. Calculate the highest common factor of r and g.
6
Suppose -2*j + 2909 = 585. What is the highest common divisor of j and 14?
14
Suppose 2*o - 78 = 2*d, -5*o - 20*d + 213 = -16*d. What is the greatest common factor of o and 41?
41
Suppose 0 = -569*q + 580*q - 704. Suppose 3*l - 6 = 6. Suppose 3*j + 8 = l*j. Calculate the highest common divisor of j and q.
8
Let k = -70 + 73. Suppose 0 = k*a - 4*b - 29, a - b = 4 + 6. What is the greatest common divisor of a and 11?
11
Let z be 2 + 2 - (-1 - -5). Suppose 4*s = -2*v + 66, z = -4*v + 4. What is the greatest common divisor of 40 and s?
8
Suppose 8*q + 280 = 12*q. What is the highest common factor of 15 and q?
5
Let q(a) = 9*a**2 - 59*a + 60. Let v be q(1). Let r be (-218 - 2)*3/(-6). Calculate the highest common factor of v and r.
10
Let q = -9 + 14. Let f(a) = -a**2 - 6*a + 2*a**2 + q*a**2 + 3*a. Let g be f(2). What is the highest common factor of g and 27?
9
Let q(m) = m**3 + 38*m**2 - 266*m + 44. Let r be q(-44). Calculate the greatest common factor of 352 and r.
44
Suppose 5*j - 2611 - 1214 = 0. What is the greatest common divisor of j and 90?
45
Suppose 0 = -3*g + 28 + 5. Let v be 8/(-12)*-12*1. Let l(s) = s**3 - 8*s**2 + 11*s - 11. Let b be l(v). What is the highest common divisor of g and b?
11
Suppose -4*r - 20 = 0, s - 5*r + 32 - 108 = 0. What is the greatest common factor of s and 17?
17
Suppose -51*b + 58*b = 1176. What is the highest common factor of b and 280?
56
Suppose -y + 227 = 51. Calculate the greatest common factor of y and 11.
11
Let x be (-10)/((-2)/(0 + 1)). Suppose -a + 3 = -x. Suppose -2*d = -0*d - a. Calculate the greatest common divisor of 6 and d.
2
Let w(q) be the third derivative of -q**4/24 - q**3 - 5*q**2. Let g be w(-10). Let v be (g/(-8))/(4/(-384)). What is the greatest common divisor of v and 16?
16
Let x be ((-2)/(-3))/(1/18). Let w = 725 - 713. What is the highest common divisor of w and x?
12
Let o(m) = 115*m - 5. Let b be o(-1). Let q = 127 + b. Calculate the greatest common factor of q and 7.
7
Suppose 5 + 45 = 5*t. Let j = t - 8. Suppose -35 + 23 = -j*q. Calculate the highest common factor of q and 15.
3
Suppose 82 = g - l, -21 + 19 = -l. Calculate the highest common factor of 210 and g.
42
Suppose 4*n = -13 + 29. Suppose -n*a - 22 = -4*y - 6*a, y - 23 = -4*a. Calculate the greatest common factor of y and 15.
3
Suppose 0 = 2*z - 0 + 8. Let k(n) = -n**3 - 4*n**2 - 4. Let q be k(z). Let j(u) = -27*u + 9. Let t be j(q). Calculate the highest common factor of 13 and t.
13
Let o = -526 - -929. Calculate the greatest common factor of o and 39.
13
Let h be (-20)/(-5)*3/4. Suppose 4*m = -r + 9, -h*r + r = 6. Suppose j + 4*o = 29, j - m*o = 2*j - 24. Calculate the greatest common factor of 45 and j.
9
Let f(n) = -n**3 + 98*n**2 - 2*n - 193*n**2 + 24 + 106*n**2. Let o be f(11). What is the highest common factor of o and 5?
1
Let q(b) = -4 + b**3 + 3*b**2 + 